- 44. Suppose -3*g + 6*u - 3*u = 24, -h = g + 2*u. What is a(g)?
4
Let h(b) = 28*b - 9 + 2271*b**3 - 33*b + 10*b**2 - 2268*b**3 - 5*b**2. What is h(-3)?
-30
Let t(n) = n**2 - 5*n - 1. Let q(y) = y**3 + y**2 - 2*y - 3. Let v be q(-2). Let r = v - -7. Let u be (-189)/(-28) - (-1)/r. Give t(u).
13
Suppose -6*i = 7*i - 78. Let t(k) = -4 + 7*k**2 + 7 - i*k**2 - 7*k + 4. Give t(5).
-3
Let d(a) be the third derivative of 0 + 5/6*a**3 - 20*a**2 + 1/24*a**4 + 2*a. What is d(7)?
12
Let o(w) = 2*w**3 - 6*w**2 - 7*w - 7. Suppose -1149 + 1141 = 3*i - 4*k, -3*k - 5 = -5*i. Give o(i).
-3
Let h be (-80)/6 + (-73)/(-219). Let w(r) = r**3 + 13*r**2 + 4*r + 15. Determine w(h).
-37
Let f(c) be the second derivative of c**5/5 + c**4/4 + 5*c**3/6 - 2*c**2 - 4934*c. Determine f(-3).
-100
Let s(k) = -3*k**2 - 134*k - 76. Let p be s(-44). Let d(c) = c**2 - 8*c - 27. Calculate d(p).
21
Let s = 26 - -16. Let n = s + -45. Let c(f) = -f + 5. Let r(l) = 4. Let i(o) = -2*c(o) + 3*r(o). Give i(n).
-4
Let d(u) = u**3 - u**2 - 2*u + 3. Suppose 3*h = -f - 4*f + 13, h + 3*f + 1 = 0. Suppose h - 1 = -5*n. Let p be (n - (-3 - 0)) + 1. Calculate d(p).
3
Let s(d) = d**3 + 6*d**2 + 5*d + 1. Let l = -204 - -213. Let b be ((-15)/(-9))/(l/(-27)). Give s(b).
1
Let u(i) be the second derivative of 0 - 1/12*i**4 + 33*i + 3/2*i**2 + 4/3*i**3. What is u(9)?
-6
Let b(w) = 3*w**3. Suppose 3*x + 9 - 33 = 0. Suppose 0 = -5*t + t - 2*r + x, -t + r = 1. What is b(t)?
3
Let h(d) = 106*d**3 - 8*d**2 - 22*d. Let g(y) = 26*y**3 - 2*y**2 - 5*y. Let k(i) = 9*g(i) - 2*h(i). Calculate k(-1).
-23
Let a(h) = -36 + 250 - 927*h**3 - 25*h**2 + 2784*h**3 - 34*h - 929*h**3 - 927*h**3. Determine a(26).
6
Suppose 11*s = 16*s - 20. Suppose 4*d + s*h - 6*h + 26 = 0, 3*d + 21 = h. Let a(n) = -n**2 - 7*n + 8. What is a(d)?
0
Let u(i) be the second derivative of 7*i**3/3 + 43*i**2 + 12*i + 97. Calculate u(-8).
-26
Let w(d) = 2*d**2 + 14*d + 32. Suppose 44*u + 324 = 148. Give w(u).
8
Suppose 39*g - 245 - 338 = 197. Let q(a) = a**3 - 21*a**2 + 14*a + 121. What is q(g)?
1
Let c(a) be the second derivative of -11/2*a**2 + 2 + 41*a + 1/6*a**3. Determine c(7).
-4
Let p(i) = -3*i - 309. Let b be p(-107). Let d(q) = -q**3 + 13*q**2 - 8*q + 3. Calculate d(b).
51
Let m(b) = b**3 + 4*b**2 + b - 5. Suppose -221*n + 557 = 124*n + 1592. What is m(n)?
1
Let o(a) = -a - 8. Let c = -172 + 176. Let q(l) = l + 7. Let f(z) = c*q(z) + 3*o(z). Determine f(-2).
2
Let v = 14077 + -14082. Let d(k) be the third derivative of -k**5/60 - 7*k**4/24 - k**3 - k**2. Calculate d(v).
4
Let y(f) = -13*f**2 - 116*f + 13. Let j be (-93)/10 - (-204)/680. What is y(j)?
4
Let r(i) = 6*i**3 - 7. Let y(n) = 236 - n**3 - n**2 - 235 + 0*n + n. Let h(c) = r(c) + 4*y(c). What is h(2)?
5
Let l(v) be the third derivative of v**7/840 - v**6/240 - v**5/30 - 11*v**4/12 + v**3/6 - 289*v**2. Let a(h) be the second derivative of l(h). Give a(3).
14
Let v(b) = b**2 - 7*b + 5. Suppose -8*c - 40 = -3*c. Let x(i) = -i**2 - 12*i - 26. Let r be x(c). Calculate v(r).
-1
Let b(c) = 3 + c**3 + 16*c**2 - 19*c**2 + 8*c**2 - 8*c**2. Calculate b(4).
19
Suppose -4 = -4*r - 4*a, 5*r - a + 13 = 10*r. Let c(h) = -h**r + 1 + h - 41041*h**2 + 41045*h**2 + 1 + 2*h**3. Determine c(-4).
-2
Let s(h) = -7*h**2 - 16*h - 36. Let r(w) = 29*w**2 + 64*w + 137. Let z(n) = -6*r(n) - 25*s(n). Determine z(-8).
14
Suppose 54 = 9*z - 3*z. Suppose -166*r + 163*r = z. Let w(y) = y**3 + 4*y**2 - 4*y - 4. Give w(r).
17
Let v(j) = j**2 - 10*j - 18. Let x = 191 - -62. Let g = -241 + x. Determine v(g).
6
Let j(g) = g + 3. Let p be j(-1). Suppose -y - 13 = -4*y - 2*d, 0 = -2*d - 8. Let a(o) = p*o + 0*o + y + 3*o - 4*o. Give a(7).
14
Let t(m) be the third derivative of m**5/15 - 3*m**4/8 + 4*m**3/3 - 25*m**2. Let p(r) = -3*r**2 + 7*r - 7. Let g(a) = -6*p(a) - 5*t(a). What is g(3)?
-7
Let o(f) = 2124*f + 1991 - 2101*f - 1990. Calculate o(-4).
-91
Suppose -20*b = -21*b + 2. Suppose b*t + 43 = 31. Let r(y) = y**3 + 6*y**2 + 2*y + 7. Calculate r(t).
-5
Let v(a) be the second derivative of -a**4/12 + 3*a**3/2 - 13*a**2 - 80*a - 1. Let s be v(5). Let c(u) = u**2 + 7*u + 9. Determine c(s).
3
Let d = 17686 - 17691. Let a(v) = -3*v**2 - 3*v + 21. Give a(d).
-39
Let p(b) = -5*b + 6. Let v be p(1). Suppose -o = -3*n - v, 3*n = n - 4. Let l(m) = -m**2 - 6*m - 5. Give l(o).
0
Let h(c) = -c**2 + 2*c + 2. Let l(t) be the second derivative of 0 + 1/2*t**3 + 3/2*t**2 - 1/12*t**4 - 5*t. Let m(o) = 3*h(o) - 2*l(o). Determine m(-1).
-1
Let z be (10 - (-695)/(-35)) + (-60)/(-70). Let s(i) = -2*i**2 - 11*i - 3. What is s(z)?
-66
Let r = -161 - -179. Let w(l) = -r - 1 + 10 - 3*l. What is w(7)?
-30
Let r(n) be the third derivative of -n**4/24 - 5*n**3/6 - 66*n**2 - n + 3. Let l = -15 - -6. Calculate r(l).
4
Let l(u) = 3*u - 4. Let w be (4/(-32))/((-4)/14624). Let x = 460 - w. Determine l(x).
5
Suppose -40*m = -45 - 635. Let q(w) = -w**3 + 20*w**2 - 50*w + 2. Give q(m).
19
Let k(r) = 5*r + 9. Suppose 0 = 2*y + 9 + 1. Let n(d) = 18*d - 135. Let q(f) = f - 12. Let m(h) = -n(h) + 12*q(h). Let i(t) = y*k(t) - 4*m(t). Give i(-9).
0
Let s(v) = 2*v**2 - 6*v - 43. Let p be s(-4). Let x(r) = 3 - 2*r - 26 + p. What is x(-6)?
2
Suppose 4*b - 10 = 2*b. Suppose -9*q + b*q + 15 = 3*x, 4*x - 4*q = 48. Let n(j) = -j**2 + 6*j + 10. Determine n(x).
-17
Let c be ((-2)/4)/((-3)/(-78) - 0). Let s = -10 - c. Let d(h) = 11*h**3 - 5*h**s - 5 - 2*h**3 + 5*h - 4*h**2 - 5*h**3. What is d(-5)?
-5
Let f = -2564 + 2571. Let n(v) = v**3 - 10*v**2 + 18*v - 8. Determine n(f).
-29
Let g(v) = -2*v + 23. Let z(x) = x**3 + x**2 - 29*x - 56. Let c be z(-4). What is g(c)?
-1
Suppose 0 = -367*r + 368*r - 3. Let f(s) = -184 - 185 + 2*s + r*s**2 + 372 + 5*s**3. Give f(-2).
-29
Suppose -22*x - 5 = -23*x. Suppose 4*n + z = 0, -2*n - 2*n = -x*z - 24. Let c(f) = -3*f**2 + f. Give c(n).
-2
Let t(r) be the first derivative of 4*r**3/3 + r**2 - 7*r + 646. Determine t(3).
35
Let v(c) = -30*c**2 - 39*c - 7. Let q(j) = 51*j**2 + 78*j + 13. Let s(i) = -3*q(i) - 5*v(i). Calculate s(-13).
-4
Let f(o) = o**2 - 10*o + 8. Let d(r) = -204*r**3 + 2*r**2 + 2*r - 1. Let q be d(1). Let y = q - -210. Calculate f(y).
-1
Let r(i) = 5*i**2 - i. Suppose -325 = -5*z - 5*o - 315, -4 = 5*z - 2*o. Give r(z).
0
Let r(j) = -285*j - 25. Let z be r(-1). Let h = z + -266. Let y(a) = a**3 + 6*a**2 - 2*a - 9. Determine y(h).
3
Let i(l) = l**3 + 6*l**2 + 7*l - 3. Suppose -18*r + 9 = -a - 16*r, a - 3*r + 10 = 0. Let u(s) = -53*s - 375. Let p be u(a). Calculate i(p).
1
Let u(w) be the third derivative of -w**4/6 - 11*w**3/2 + 755*w**2. What is u(-10)?
7
Let w(v) = -37 - v**2 + 241*v + 260*v + 256*v + 264*v - 1037*v. Give w(-11).
18
Let a(f) = 2*f - 2. Suppose 4*b - 194 = 2*m, -5*m + 5*b + 239 = -7*m. Let p = -111 - m. Determine a(p).
-10
Suppose -u + 60*f + 4 = 61*f, -5*u = -4*f - 2. Let t(m) = 4*m - 4. What is t(u)?
4
Suppose 0 = 5*u - 15, 23*f + u + 33 = 27*f. Let p(i) = -i**3 + 5*i**2 + 33*i + 40. Give p(f).
13
Let u(f) = f**2 - 361*f - 1464. Let i be u(-4). Let z(y) = 2*y**3 + 11*y**2 + 10*y - 6. Determine z(i).
2
Suppose -5*b - 21 = -16. Let c(y) = -11*y**2 + 7*y - 4. Let u(z) = 2*z**2. Let i(h) = b*c(h) - 5*u(h). Give i(7).
4
Let p(o) be the first derivative of o**4/4 - 2*o**2 + 14*o - 10110. Give p(0).
14
Let d(r) = -4 - 5*r - 9*r - 4*r**2 + r**2 - 8 + 3. Determine d(-4).
-1
Suppose 0 = -0*x + x. Suppose 4*d = -4*t - x*t + 16, 4*d - 10 = -t. Suppose -y + 2*q - 11 = 0, 10 = y + t*q + 1. Let b(j) = -7*j**3 - j**2 - j. Calculate b(y).
7
Let y(l) = -445129*l - 1 + 445132*l + 1. Let k(v) = v**2 + 5*v - 6. Let n be k(-5). Give y(n).
-18
Let y(t) be the second derivative of -t**5/10 + 11*t**4/6 - 5*t**3/6 - 6*t**2 - 3351*t. What is y(11)?
-67
Let w = 357 + -642. Let i = 278 + w. Let x(g) = -g**3 - 8*g**2 - 7*g + 6. Determine x(i).
6
Let d(f) = 0*f - 14 + 0*f**3 - f**3 + 11*f - f + 6*f + 17*f**2. Calculate d(18).
-50
Let g(u) be the second derivative of 1/6*u**3 - 86*u + 3*u**2 + 0. What is g(5)?
11
Let b(z) be the second derivative of z**4/4 + 25*z**3/6 - 3*z**2/2 - 2549*z. Determine b(-8).
-11
Suppose -3*c - 2*d = -13 - 4, 4*d - 1 = 5*c. Let k(q) = -2239*q**3 - q**2 + 2238*q**c - 2 + 8*q**2 + 3*q. Give k(7).
19
Let q(i) be the third derivative of i**5/20 + i**4/6 - 43*i**2. Let a be q(-2). Let n(b) = -4*b - 9 + a 